{"id":2938,"date":"2020-09-22T11:11:16","date_gmt":"2020-09-22T09:11:16","guid":{"rendered":"http:\/\/akaju.fr\/?page_id=2938"},"modified":"2021-06-23T12:34:45","modified_gmt":"2021-06-23T10:34:45","slug":"evenements-a-venir","status":"publish","type":"page","link":"https:\/\/akaju.fr\/index.php\/evenements-a-venir\/","title":{"rendered":"\u00c9v\u00e9nements"},"content":{"rendered":"\n<p class=\"has-large-font-size\">Retrouvez les bijoux de la <a href=\"http:\/\/akaju.fr\/index.php\/boutique\/\" target=\"_blank\" rel=\"noreferrer noopener\">boutique<\/a> et la bonne ambiance des march\u00e9s<\/p>\n\n\n\n<h2 class=\"wp-block-heading\"><strong>\u00c0 venir&#8230;<\/strong><\/h2>\n\n\n\n<p class=\"has-normal-font-size\">-March\u00e9 de cr\u00e9ateurs de Crolles (chaque premier dimanche du mois) le prochain aura lieu le 4 juillet, le matin seulement.<\/p>\n\n\n\n<p class=\"has-normal-font-size\">-F\u00eate du Miron \u00e0 La Tour du Pin (march\u00e9 artisanal le samedi 10 juillet)<\/p>\n\n\n\n<figure class=\"wp-block-image size-large is-resized\"><img loading=\"lazy\" decoding=\"async\" src=\"http:\/\/akaju.fr\/wp-content\/uploads\/2021\/06\/Version-corrigee-scaled-1-728x1024.jpg\" alt=\"\" class=\"wp-image-3328\" width=\"251\" height=\"352\" srcset=\"https:\/\/akaju.fr\/wp-content\/uploads\/2021\/06\/Version-corrigee-scaled-1-728x1024.jpg 728w, https:\/\/akaju.fr\/wp-content\/uploads\/2021\/06\/Version-corrigee-scaled-1-213x300.jpg 213w, https:\/\/akaju.fr\/wp-content\/uploads\/2021\/06\/Version-corrigee-scaled-1-768x1080.jpg 768w, https:\/\/akaju.fr\/wp-content\/uploads\/2021\/06\/Version-corrigee-scaled-1-1093x1536.jpg 1093w, https:\/\/akaju.fr\/wp-content\/uploads\/2021\/06\/Version-corrigee-scaled-1-1457x2048.jpg 1457w, https:\/\/akaju.fr\/wp-content\/uploads\/2021\/06\/Version-corrigee-scaled-1-324x455.jpg 324w, https:\/\/akaju.fr\/wp-content\/uploads\/2021\/06\/Version-corrigee-scaled-1-416x585.jpg 416w, https:\/\/akaju.fr\/wp-content\/uploads\/2021\/06\/Version-corrigee-scaled-1.jpg 1821w\" sizes=\"auto, (max-width: 251px) 100vw, 251px\" \/><\/figure>\n\n\n\n<p class=\"has-normal-font-size\">-March\u00e9 de la Cr\u00e9ation \u00e0 St Pierre d&rsquo;entremont (dimanche 11 juillet)<\/p>\n\n\n\n<p class=\"has-normal-font-size\">-March\u00e9 des potiers et artisans \u00e0 Venosc (jeudi 15juillet)<\/p>\n\n\n\n<p class=\"has-normal-font-size\">-March\u00e9 artisanal \u00e0 Auris en Oisans (dimanche 25 juillet)<\/p>\n\n\n\n<h2 class=\"wp-block-heading\"><strong>\u00c9v\u00e9nements pass\u00e9s&#8230;<\/strong><\/h2>\n\n\n\n<h2 class=\"wp-block-heading\"><a href=\"http:\/\/www.ville-claix.fr\/france\/ACTUALITE\/news\/index.html\/id-2760\" target=\"_blank\" rel=\"noreferrer noopener\">Le march\u00e9 de No\u00ebl 2020 de Claix<\/a><\/h2>\n\n\n\n<div class=\"wp-block-image is-style-default\"><figure class=\"alignleft size-large\"><img loading=\"lazy\" decoding=\"async\" width=\"177\" height=\"250\" src=\"http:\/\/akaju.fr\/wp-content\/uploads\/2020\/12\/claixmarche_noel_2020_OK_web.jpg\" alt=\"\" class=\"wp-image-3000\"\/><\/figure><\/div>\n\n\n\n<p><strong>De 11h \u00e0 19h, au kiosque de Claix<\/strong><\/p>\n\n\n\n<p>Ce sera un march\u00e9 de No\u00ebl un peu diff\u00e9rent.<\/p>\n\n\n\n<p>Tous les artisans et artistes locaux pr\u00e9senteront leurs r\u00e9alisations&nbsp;; le kiosque sera joliment d\u00e9cor\u00e9 et le P\u00e8re No\u00ebl pourra s\u2019installer dans son magnifique fauteuil relook\u00e9&nbsp;!<\/p>\n\n\n\n<p>Mais aucune vente d\u2019alimentation et de boisson \u00e0 consommer sur place ne pourra se faire (pas de vin chaud, pas de plat pour midi, pas de soupe g\u00e9ante).<\/p>\n\n\n\n<p><strong>Sur le plan sanitaire<\/strong>&nbsp;:<br>Dans l\u2019\u00e9tat actuel des consignes (et sans pr\u00e9juger de celles qui pourraient arriver d\u2019ici le 12 d\u00e9cembre), nous avons en effet d\u00e9cid\u00e9 de laisser toutes ses chances \u00e0 notre March\u00e9 de No\u00ebl et aux \u00ab&nbsp;artisans&nbsp;\u00bb locaux qui avaient pr\u00e9vu de participer.<br>Les r\u00e8gles de confinement en vigueur jusqu\u2019au 15 d\u00e9cembre laissent la possibilit\u00e9 de balades de 3 heures dans un rayon de 20km autour des domiciles. Il est donc possible pour les Claixois de venir faire un tour sur la place du village\u2026 \u00e9videmment dans le respect strict des gestes barri\u00e8res, port obligatoire du masque notamment, avec la suppression des stands de buvettes et de la distribution de la soupe et aussi avec une zone et des horaires \u00e9largis.<\/p>\n\n\n\n<h2 class=\"wp-block-heading\">March\u00e9 de No\u00ebl de Saint-Quentin sur Is\u00e8re 2020<\/h2>\n\n\n\n<div class=\"wp-block-image is-style-default\"><figure class=\"alignleft size-large is-resized\"><img loading=\"lazy\" decoding=\"async\" src=\"http:\/\/akaju.fr\/wp-content\/uploads\/2020\/12\/image-noelfreestock_1261444306-683x1024.jpg\" alt=\"\" class=\"wp-image-2999\" width=\"175\" height=\"262\" srcset=\"https:\/\/akaju.fr\/wp-content\/uploads\/2020\/12\/image-noelfreestock_1261444306-683x1024.jpg 683w, https:\/\/akaju.fr\/wp-content\/uploads\/2020\/12\/image-noelfreestock_1261444306-200x300.jpg 200w, https:\/\/akaju.fr\/wp-content\/uploads\/2020\/12\/image-noelfreestock_1261444306-768x1152.jpg 768w, https:\/\/akaju.fr\/wp-content\/uploads\/2020\/12\/image-noelfreestock_1261444306-1024x1536.jpg 1024w, https:\/\/akaju.fr\/wp-content\/uploads\/2020\/12\/image-noelfreestock_1261444306-1365x2048.jpg 1365w, https:\/\/akaju.fr\/wp-content\/uploads\/2020\/12\/image-noelfreestock_1261444306-324x486.jpg 324w, https:\/\/akaju.fr\/wp-content\/uploads\/2020\/12\/image-noelfreestock_1261444306-416x624.jpg 416w, https:\/\/akaju.fr\/wp-content\/uploads\/2020\/12\/image-noelfreestock_1261444306-scaled.jpg 1707w\" sizes=\"auto, (max-width: 175px) 100vw, 175px\" \/><\/figure><\/div>\n\n\n\n<p><strong>Le March\u00e9 de No\u00ebl de Saint-Quentin sur Is\u00e8re aura lieu le&nbsp;Vendredi 11 D\u00e9cembre, en ext\u00e9rieur, sur l&rsquo;esplanade de la salle socioculturelle \u00e0 partir de 16h30.<\/strong><br>Venez rencontrer nos exposants et faire un tour.&nbsp;Pour la r\u00e9ussite de cet \u00e9v\u00e8nement nous demandons \u00e0 chacun d&rsquo;entre vous de venir avec un masque et de veiller \u00e0 respecter la distanciation sociale.<\/p>\n\n\n\n<h2 class=\"wp-block-heading\"><\/h2>\n\n\n\n<h2 class=\"wp-block-heading\"><\/h2>\n\n\n\n<div class=\"wp-block-image is-style-default\"><figure class=\"aligncenter size-large is-resized\"><img loading=\"lazy\" decoding=\"async\" src=\"http:\/\/akaju.fr\/wp-content\/uploads\/2020\/09\/greener-good-festival-affiche-2020-1024x588.png\" alt=\"\" class=\"wp-image-2940\" width=\"836\" height=\"480\" srcset=\"https:\/\/akaju.fr\/wp-content\/uploads\/2020\/09\/greener-good-festival-affiche-2020-1024x588.png 1024w, https:\/\/akaju.fr\/wp-content\/uploads\/2020\/09\/greener-good-festival-affiche-2020-300x172.png 300w, https:\/\/akaju.fr\/wp-content\/uploads\/2020\/09\/greener-good-festival-affiche-2020-768x441.png 768w, https:\/\/akaju.fr\/wp-content\/uploads\/2020\/09\/greener-good-festival-affiche-2020-324x186.png 324w, https:\/\/akaju.fr\/wp-content\/uploads\/2020\/09\/greener-good-festival-affiche-2020-416x239.png 416w, https:\/\/akaju.fr\/wp-content\/uploads\/2020\/09\/greener-good-festival-affiche-2020.png 1211w\" sizes=\"auto, (max-width: 836px) 100vw, 836px\" \/><\/figure><\/div>\n\n\n\n<div class=\"wp-block-image is-style-default\"><figure class=\"aligncenter size-large is-resized\"><img loading=\"lazy\" decoding=\"async\" src=\"http:\/\/akaju.fr\/wp-content\/uploads\/2020\/09\/latitude-green-affiche-2020.jpg\" alt=\"\" class=\"wp-image-2941\" width=\"725\" height=\"907\" srcset=\"https:\/\/akaju.fr\/wp-content\/uploads\/2020\/09\/latitude-green-affiche-2020.jpg 640w, https:\/\/akaju.fr\/wp-content\/uploads\/2020\/09\/latitude-green-affiche-2020-240x300.jpg 240w, https:\/\/akaju.fr\/wp-content\/uploads\/2020\/09\/latitude-green-affiche-2020-324x405.jpg 324w, https:\/\/akaju.fr\/wp-content\/uploads\/2020\/09\/latitude-green-affiche-2020-416x520.jpg 416w\" sizes=\"auto, (max-width: 725px) 100vw, 725px\" \/><figcaption><strong>Ch\u00e2teau Louis XI, (sous chapiteau)<br>Rue Jacques de Saint Georges<br>38260 La C\u00f4te-Saint-Andr\u00e9<\/strong><\/figcaption><\/figure><\/div>\n\n\n\n<p><\/p>\n","protected":false},"excerpt":{"rendered":"<p>Retrouvez les bijoux de la boutique et la bonne ambiance des march\u00e9s \u00c0 venir&#8230; -March\u00e9 de cr\u00e9ateurs de Crolles (chaque premier dimanche du mois) le prochain aura lieu le 4 juillet, le matin seulement. -F\u00eate du Miron \u00e0 La Tour du Pin (march\u00e9 artisanal le samedi 10 juillet) -March\u00e9 de la Cr\u00e9ation \u00e0 St Pierre [&hellip;]<\/p>\n","protected":false},"author":2,"featured_media":0,"parent":0,"menu_order":0,"comment_status":"closed","ping_status":"closed","template":"","meta":{"footnotes":""},"class_list":["post-2938","page","type-page","status-publish","hentry"],"aioseo_notices":[],"_links":{"self":[{"href":"https:\/\/akaju.fr\/index.php\/wp-json\/wp\/v2\/pages\/2938","targetHints":{"allow":["GET"]}}],"collection":[{"href":"https:\/\/akaju.fr\/index.php\/wp-json\/wp\/v2\/pages"}],"about":[{"href":"https:\/\/akaju.fr\/index.php\/wp-json\/wp\/v2\/types\/page"}],"author":[{"embeddable":true,"href":"https:\/\/akaju.fr\/index.php\/wp-json\/wp\/v2\/users\/2"}],"replies":[{"embeddable":true,"href":"https:\/\/akaju.fr\/index.php\/wp-json\/wp\/v2\/comments?post=2938"}],"version-history":[{"count":18,"href":"https:\/\/akaju.fr\/index.php\/wp-json\/wp\/v2\/pages\/2938\/revisions"}],"predecessor-version":[{"id":3332,"href":"https:\/\/akaju.fr\/index.php\/wp-json\/wp\/v2\/pages\/2938\/revisions\/3332"}],"wp:attachment":[{"href":"https:\/\/akaju.fr\/index.php\/wp-json\/wp\/v2\/media?parent=2938"}],"curies":[{"name":"wp","href":"https:\/\/api.w.org\/{rel}","templated":true}]}}