{"id":3247,"date":"2021-04-23T14:46:53","date_gmt":"2021-04-23T12:46:53","guid":{"rendered":"http:\/\/akaju.fr\/?page_id=3247"},"modified":"2023-12-12T17:40:10","modified_gmt":"2023-12-12T16:40:10","slug":"contact","status":"publish","type":"page","link":"https:\/\/akaju.fr\/index.php\/contact\/","title":{"rendered":"Contact"},"content":{"rendered":"\n<h2 class=\"wp-block-heading\">Une question? Envie d&rsquo;une commande personnalis\u00e9e? Contactez-moi.<\/h2>\n\n\n\n<h3 class=\"wp-block-heading\">Vous \u00eates revendeur ou revendeuse et les bijoux Akaju vous int\u00e9ressent? Contactez-moi \u00e0&nbsp;: contact@akaju.fr<\/h3>\n","protected":false},"excerpt":{"rendered":"<p>Une question? Envie d&rsquo;une commande personnalis\u00e9e? Contactez-moi. Vous \u00eates revendeur ou revendeuse et les bijoux Akaju vous int\u00e9ressent? Contactez-moi \u00e0&nbsp;: contact@akaju.fr<\/p>\n","protected":false},"author":2,"featured_media":0,"parent":0,"menu_order":0,"comment_status":"closed","ping_status":"closed","template":"","meta":{"footnotes":""},"class_list":["post-3247","page","type-page","status-publish","hentry"],"aioseo_notices":[],"_links":{"self":[{"href":"https:\/\/akaju.fr\/index.php\/wp-json\/wp\/v2\/pages\/3247","targetHints":{"allow":["GET"]}}],"collection":[{"href":"https:\/\/akaju.fr\/index.php\/wp-json\/wp\/v2\/pages"}],"about":[{"href":"https:\/\/akaju.fr\/index.php\/wp-json\/wp\/v2\/types\/page"}],"author":[{"embeddable":true,"href":"https:\/\/akaju.fr\/index.php\/wp-json\/wp\/v2\/users\/2"}],"replies":[{"embeddable":true,"href":"https:\/\/akaju.fr\/index.php\/wp-json\/wp\/v2\/comments?post=3247"}],"version-history":[{"count":5,"href":"https:\/\/akaju.fr\/index.php\/wp-json\/wp\/v2\/pages\/3247\/revisions"}],"predecessor-version":[{"id":3574,"href":"https:\/\/akaju.fr\/index.php\/wp-json\/wp\/v2\/pages\/3247\/revisions\/3574"}],"wp:attachment":[{"href":"https:\/\/akaju.fr\/index.php\/wp-json\/wp\/v2\/media?parent=3247"}],"curies":[{"name":"wp","href":"https:\/\/api.w.org\/{rel}","templated":true}]}}