{"id":214,"date":"2019-12-28T12:30:19","date_gmt":"2019-12-28T11:30:19","guid":{"rendered":"http:\/\/akaju.fr\/?post_type=product&#038;p=214"},"modified":"2025-07-08T16:07:18","modified_gmt":"2025-07-08T14:07:18","slug":"boucles-doreilles-kyoto","status":"publish","type":"product","link":"https:\/\/akaju.fr\/index.php\/produit\/boucles-doreilles-kyoto\/","title":{"rendered":"Boucles d&rsquo;oreilles Kyoto (personnalisables)"},"content":{"rendered":"<p style=\"text-align: left;\">Les graines de savonnier de Chine s\u2019allient au bois d\u00e9cor\u00e9 \u00e0 la main pour des boucles d\u2019oreilles \u00e0 l\u2019effet japonisant qui se remarquent \u00e0 coup s\u00fbr. Les graines de savonnier de Chine qui constituent en partie ces boucles d\u2019oreilles ont \u00e9t\u00e9 r\u00e9colt\u00e9es, d\u00e9cortiqu\u00e9es, lav\u00e9es et perc\u00e9es par mes soins \u00e0 Grenoble. Les perles en bois sont quant \u00e0 elles minutieusement d\u00e9cor\u00e9es \u00e0 la main, enfin, les petits pompons sont \u00e9galement fabriqu\u00e9s par mes soins, ainsi je peux vous offrir une gamme de motifs et de couleurs vari\u00e9s qui sauront s\u2019adapter \u00e0 vos envies. J&rsquo;ai cr\u00e9\u00e9 pour ces perles quatre motifs diff\u00e9rents (\u00ab&nbsp;plume&nbsp;\u00bb, \u00ab&nbsp;\u00e9caille&nbsp;\u00bb, \u00ab&nbsp;palmette&nbsp;\u00bb, \u00ab&nbsp;vague&nbsp;\u00bb) et presque une dizaine de couleurs pour les pompons. Ces boucles d\u2019oreilles mesurent environ 7cm (la perle mesure 1,5cm de diam\u00e8tre, le pompon environ 2,5cm). Ces boucles d&rsquo;oreilles \u00e9tant fabriqu\u00e9es \u00e0 base d&rsquo;\u00e9l\u00e9ments naturels, elles peuvent l\u00e9g\u00e8rement diff\u00e9rer de celles pr\u00e9sent\u00e9es sur les photos.<\/p>\n<p>Afin de garder vos boucles d\u2019oreilles le plus longtemps possible, je vous conseille de les ranger dans un endroit sec (\u00e9viter la salle de bain), d\u2019\u00e9viter le contact avec l\u2019eau (les enlever avant de prendre votre douche), ou une exposition au soleil trop prolong\u00e9e, \u00e9viter le contact avec le parfum, les enlever avant d\u2019aller vous coucher ou d\u2019aller faire du sport.<\/p>\n","protected":false},"excerpt":{"rendered":"<p>Graphiques et color\u00e9es, boucles d\u2019oreilles en bois d\u00e9cor\u00e9 main, graines et acier inoxydable (ne provoque pas d&rsquo;allergie). Motifs et coloris au choix.<\/p>\n","protected":false},"featured_media":2684,"comment_status":"closed","ping_status":"closed","template":"","meta":[],"product_brand":[],"product_cat":[24],"product_tag":[],"class_list":{"0":"post-214","1":"product","2":"type-product","3":"status-publish","4":"has-post-thumbnail","6":"product_cat-boucles-doreilles","8":"first","9":"instock","10":"shipping-taxable","11":"product-type-variable"},"aioseo_notices":[],"_links":{"self":[{"href":"https:\/\/akaju.fr\/index.php\/wp-json\/wp\/v2\/product\/214","targetHints":{"allow":["GET"]}}],"collection":[{"href":"https:\/\/akaju.fr\/index.php\/wp-json\/wp\/v2\/product"}],"about":[{"href":"https:\/\/akaju.fr\/index.php\/wp-json\/wp\/v2\/types\/product"}],"replies":[{"embeddable":true,"href":"https:\/\/akaju.fr\/index.php\/wp-json\/wp\/v2\/comments?post=214"}],"wp:featuredmedia":[{"embeddable":true,"href":"https:\/\/akaju.fr\/index.php\/wp-json\/wp\/v2\/media\/2684"}],"wp:attachment":[{"href":"https:\/\/akaju.fr\/index.php\/wp-json\/wp\/v2\/media?parent=214"}],"wp:term":[{"taxonomy":"product_brand","embeddable":true,"href":"https:\/\/akaju.fr\/index.php\/wp-json\/wp\/v2\/product_brand?post=214"},{"taxonomy":"product_cat","embeddable":true,"href":"https:\/\/akaju.fr\/index.php\/wp-json\/wp\/v2\/product_cat?post=214"},{"taxonomy":"product_tag","embeddable":true,"href":"https:\/\/akaju.fr\/index.php\/wp-json\/wp\/v2\/product_tag?post=214"}],"curies":[{"name":"wp","href":"https:\/\/api.w.org\/{rel}","templated":true}]}}