{"id":3124,"date":"2021-02-24T19:19:31","date_gmt":"2021-02-24T18:19:31","guid":{"rendered":"http:\/\/akaju.fr\/?post_type=product&#038;p=3124"},"modified":"2022-07-11T15:41:21","modified_gmt":"2022-07-11T13:41:21","slug":"boucles-doreilles-rasen","status":"publish","type":"product","link":"https:\/\/akaju.fr\/index.php\/produit\/boucles-doreilles-rasen\/","title":{"rendered":"Boucles d&rsquo;oreilles Rasen"},"content":{"rendered":"<p>La spirale, symbole de mouvement et d&rsquo;\u00e9volution est ici faite de papier. C&rsquo;est ici l&rsquo;\u00e9volution du papier d&rsquo;un ancien livre chang\u00e9 en bijou . D\u00e9licates et tr\u00e8s l\u00e9g\u00e8res, ces boucles d&rsquo;oreilles pendantes mettront en valeur la plupart des tenues de couleur et r\u00e9v\u00e8leront toute leur \u00e9l\u00e9gance avec des v\u00eatements noirs. En \u00e9t\u00e9, elles habillent \u00e9l\u00e9gamment une coiffure courte ou des cheveux relev\u00e9s.<\/p>\n<p>Ces boucles d&rsquo;oreilles ont \u00e9t\u00e9 confectionn\u00e9es artisanalement dans mon atelier \u00e0 partir du papier upcycl\u00e9 d&rsquo;un ancien livre chang\u00e9 en perles puis vernies afin de les prot\u00e9ger des agressions ext\u00e9rieures. Ces perles ont \u00e9t\u00e9 mari\u00e9es aux graines de f\u00e9vier d&rsquo;Am\u00e9rique r\u00e9colt\u00e9es \u00e0 Grenoble, et au fil de laiton, hypoallerg\u00e9nique, et travaill\u00e9 \u00e0 la main. Elles mesurent environ 8cm de long. Ces boucles d&rsquo;oreilles \u00e9tant fabriqu\u00e9es \u00e0 base d&rsquo;\u00e9l\u00e9ments naturels, et upcycl\u00e9s, elles peuvent l\u00e9g\u00e8rement diff\u00e9rer de celles pr\u00e9sent\u00e9es sur les photos.<\/p>\n<p>Afin de garder vos boucles d\u2019oreilles le plus longtemps possible, je vous conseille de les ranger dans un endroit sec (\u00e9viter la salle de bain), d\u2019\u00e9viter le contact avec l\u2019eau (les enlever avant de prendre votre douche), ou une exposition au soleil trop prolong\u00e9e, \u00e9viter le contact avec le parfum, les enlever avant d\u2019aller vous coucher ou d\u2019aller faire du sport. Avec le temps, une patine appara\u00eet sur le laiton, lui donnant un aspect or ancien\u00a0; si vous voulez redonner un coup d\u2019\u00e9clat au laiton, vous pouvez le frotter doucement avec un chiffon doux et un peu de vinaigre ou de bicarbonate de soude additionn\u00e9 de quelques gouttes d\u2019eau, puis l\u2019essuyer avec un chiffon propre.<\/p>\n","protected":false},"excerpt":{"rendered":"<p>El\u00e9gantes et l\u00e9g\u00e8res, boucles d&rsquo;oreilles \u00e9coresponsables en papier upcycl\u00e9, graines de f\u00e9vier, et laiton (hypoallerg\u00e9nique) travaill\u00e9 main.<\/p>\n","protected":false},"featured_media":3125,"comment_status":"open","ping_status":"closed","template":"","meta":[],"product_brand":[],"product_cat":[24,27],"product_tag":[],"class_list":{"0":"post-3124","1":"product","2":"type-product","3":"status-publish","4":"has-post-thumbnail","6":"product_cat-boucles-doreilles","7":"product_cat-femme","9":"first","10":"instock","11":"shipping-taxable","12":"purchasable","13":"product-type-simple"},"aioseo_notices":[],"_links":{"self":[{"href":"https:\/\/akaju.fr\/index.php\/wp-json\/wp\/v2\/product\/3124","targetHints":{"allow":["GET"]}}],"collection":[{"href":"https:\/\/akaju.fr\/index.php\/wp-json\/wp\/v2\/product"}],"about":[{"href":"https:\/\/akaju.fr\/index.php\/wp-json\/wp\/v2\/types\/product"}],"replies":[{"embeddable":true,"href":"https:\/\/akaju.fr\/index.php\/wp-json\/wp\/v2\/comments?post=3124"}],"wp:featuredmedia":[{"embeddable":true,"href":"https:\/\/akaju.fr\/index.php\/wp-json\/wp\/v2\/media\/3125"}],"wp:attachment":[{"href":"https:\/\/akaju.fr\/index.php\/wp-json\/wp\/v2\/media?parent=3124"}],"wp:term":[{"taxonomy":"product_brand","embeddable":true,"href":"https:\/\/akaju.fr\/index.php\/wp-json\/wp\/v2\/product_brand?post=3124"},{"taxonomy":"product_cat","embeddable":true,"href":"https:\/\/akaju.fr\/index.php\/wp-json\/wp\/v2\/product_cat?post=3124"},{"taxonomy":"product_tag","embeddable":true,"href":"https:\/\/akaju.fr\/index.php\/wp-json\/wp\/v2\/product_tag?post=3124"}],"curies":[{"name":"wp","href":"https:\/\/api.w.org\/{rel}","templated":true}]}}