{"id":3414,"date":"2021-12-01T17:53:59","date_gmt":"2021-12-01T16:53:59","guid":{"rendered":"http:\/\/akaju.fr\/?post_type=product&#038;p=3414"},"modified":"2021-12-02T14:39:53","modified_gmt":"2021-12-02T13:39:53","slug":"cadre-decoratif-kumo","status":"publish","type":"product","link":"https:\/\/akaju.fr\/index.php\/produit\/cadre-decoratif-kumo\/","title":{"rendered":"Cadre d\u00e9coratif Kumo"},"content":{"rendered":"<p>Suspendez un peu de po\u00e9sie \u00e0 votre mur avec ce petit cadre nuage po\u00e9tique et minimaliste. Un cadre qui trouvera sa place aussi bien dans une chambre d&rsquo;enfant, que toute autre pi\u00e8ce de la maison. Il a \u00e9t\u00e9 r\u00e9alis\u00e9 avec du papier surcycl\u00e9, issu de livres vou\u00e9s \u00e0 \u00eatre jet\u00e9s, des graines de f\u00e9vier que j&rsquo;ai r\u00e9colt\u00e9 \u00e0 Grenoble et un cadre chin\u00e9 en ressourcerie (dimensions 13x18cm)<\/p>\n<p>Ces d\u00e9corations \u00e9tant faites \u00e0 la main et les cadres chin\u00e9s en ressourcerie, il peut exister quelques diff\u00e9rences d&rsquo;un mod\u00e8le \u00e0 l&rsquo;autre.<\/p>\n","protected":false},"excerpt":{"rendered":"<p>Cadre illustr\u00e9 d&rsquo;un nuage po\u00e9tique en relief avec des rouleaux de papier et des graines de f\u00e9vier.<\/p>\n","protected":false},"featured_media":3470,"comment_status":"open","ping_status":"closed","template":"","meta":[],"product_brand":[],"product_cat":[33],"product_tag":[],"class_list":{"0":"post-3414","1":"product","2":"type-product","3":"status-publish","4":"has-post-thumbnail","6":"product_cat-decoration","8":"first","9":"instock","10":"shipping-taxable","11":"purchasable","12":"product-type-variable"},"aioseo_notices":[],"_links":{"self":[{"href":"https:\/\/akaju.fr\/index.php\/wp-json\/wp\/v2\/product\/3414","targetHints":{"allow":["GET"]}}],"collection":[{"href":"https:\/\/akaju.fr\/index.php\/wp-json\/wp\/v2\/product"}],"about":[{"href":"https:\/\/akaju.fr\/index.php\/wp-json\/wp\/v2\/types\/product"}],"replies":[{"embeddable":true,"href":"https:\/\/akaju.fr\/index.php\/wp-json\/wp\/v2\/comments?post=3414"}],"wp:featuredmedia":[{"embeddable":true,"href":"https:\/\/akaju.fr\/index.php\/wp-json\/wp\/v2\/media\/3470"}],"wp:attachment":[{"href":"https:\/\/akaju.fr\/index.php\/wp-json\/wp\/v2\/media?parent=3414"}],"wp:term":[{"taxonomy":"product_brand","embeddable":true,"href":"https:\/\/akaju.fr\/index.php\/wp-json\/wp\/v2\/product_brand?post=3414"},{"taxonomy":"product_cat","embeddable":true,"href":"https:\/\/akaju.fr\/index.php\/wp-json\/wp\/v2\/product_cat?post=3414"},{"taxonomy":"product_tag","embeddable":true,"href":"https:\/\/akaju.fr\/index.php\/wp-json\/wp\/v2\/product_tag?post=3414"}],"curies":[{"name":"wp","href":"https:\/\/api.w.org\/{rel}","templated":true}]}}